uppose 12 = p*l - m - 3, n*m = -4*l + 10. What is the units digit of l?
5
Let r(y) = -19*y - 15. What is the tens digit of r(-6)?
9
Suppose l - 5*l - 6 = i, -5*l + 2*i = 14. Let t be -1 + 1 - 0/l. Suppose 3*b - 8 = -5*k, -3*b - 4*k + 7 = -t*k. What is the units digit of b?
1
Let x = -3 - -193. What is the tens digit of x?
9
Let n = 34 + -32. What is the units digit of n?
2
Let m(j) be the first derivative of 2*j**2 - 3*j**2 - 2 - 9*j + 1. What is the units digit of m(-6)?
3
Let f(n) = -2*n - 2. Let u = -3 + 3. Let m be u/(-1) - (6 + -3). What is the units digit of f(m)?
4
Suppose -35 = -j + 15. What is the units digit of j?
0
Suppose q - 2*q + 13 = 0. Suppose -2*w - 3 = f - q, 25 = 5*w - 3*f. What is the units digit of w?
5
What is the units digit of (-3 - (-4 - -3)) + 4 + 251?
3
Let h be (-6)/((-8)/4) + -11. Let d(o) = -5*o - 5. What is the tens digit of d(h)?
3
What is the tens digit of 3 + ((-1 - -5) + -7 - -209)?
0
Let k(o) = o**3 - 4*o**2 - 5*o - 2. Let s be k(5). Let r = s + 3. What is the units digit of (6/(-4))/(r/(-4))?
6
Suppose -2*r - 90 = -4*k, 4 = -2*r - 6. What is the units digit of k?
0
Let t be (-1)/(-5) - 1/5. Suppose t = -3*a + 7 + 8. Suppose -4*l + k + 7 = 0, 4*k = 3*l - a*l + 26. What is the units digit of l?
3
Let k(d) = -d**3 - d**2 - 1. Let l be k(-2). Suppose -2*b + 45 = l*b. What is the units digit of b?
9
Let m(g) = -g + 10. What is the tens digit of m(-13)?
2
Let x be (-1 - -6)*(-24)/15. Let m = x + 11. What is the units digit of m?
3
Suppose 5*y + 33 = -i, -4*y = -4 + 24. Let t = -5 - i. What is the units digit of t?
3
Suppose 42 = 4*r - 2*g, 2*r + 3*r - 25 = -3*g. What is the units digit of (-6)/(r/(-20) - 0)?
5
Let f = 4 - 7. What is the tens digit of f - (-12 - 1 - 4)?
1
Let c = 777 + -489. What is the tens digit of c?
8
Let z = 113 - 76. What is the units digit of z?
7
Let q = -218 - -312. What is the units digit of q?
4
Let w = 7 - 5. Suppose 5*z + 5*i = 0, -2*z + 4*i = -w - 16. Suppose z*a + 4*s = 7*s + 33, a - 5 = -5*s. What is the tens digit of a?
1
Let l(g) = -g**3 + 5*g**2 - 5*g - 3. Let r(y) = -y**3 + 6*y**2 - 6*y - 3. Let q(k) = 2*l(k) - 3*r(k). What is the tens digit of q(7)?
1
Let a = -14 - -6. Let d = 34 + a. What is the units digit of d?
6
Let u(y) = 12*y + 4*y - 3*y. What is the units digit of u(1)?
3
Let t(q) = 2*q + 5. Let p be t(7). Let s = 35 - p. Let i = s + -9. What is the units digit of i?
7
Let z be 4/(-10) - (-188)/20. Suppose -3*v + 27 = -z. What is the units digit of v?
2
Let g(k) = k**3 - 7*k**2 + 11*k - 19. What is the units digit of g(7)?
8
Let w be -2 + -1*(-9 + 1). Let o = -4 + 2. What is the units digit of (-13)/o + (-3)/w?
6
Let q = -25 + 15. What is the units digit of q/(-3)*(-9)/(-3)?
0
Let b(x) = 70*x**3 + x**2 - 2*x + 1. Let p be b(1). Suppose 0 = 5*q + p - 715. What is the tens digit of q/6 - (-1)/(-2)?
2
Let q(o) = o**3 + 7*o**2 + 8*o + 5. Let w be q(-5). What is the tens digit of (-8)/20 + 396/w?
2
Let v(w) = -w + 5. Let l be v(4). Suppose l = 3*q - 2*q. What is the units digit of q?
1
Let g(q) = q**3 - 15*q**2 + 15*q + 20. What is the units digit of g(14)?
4
Let i(h) be the first derivative of 7*h**3/3 + h + 3. Let l be i(-1). Suppose 0 = -2*c - 0*c + l. What is the units digit of c?
4
Let n(k) = -k + 1. Let q be n(-7). Let a be (q/(-10))/((-5)/(-25)). What is the units digit of (8/4)/(a/(-14))?
7
Suppose 0 = 2*w - 4*w + 4*q + 30, 5 = -q. What is the units digit of w?
5
Let f(p) = -p**2 + 8*p + 2. Let v be f(8). Let d be 1 - ((-2)/v + 2). Suppose -q + 5 = -d*q. What is the units digit of q?
5
Let b be (20/25)/((-2)/5). Let x(w) be the third derivative of -w**6/60 - w**5/30 + w**4/24 + w**3/6 + w**2. What is the units digit of x(b)?
7
What is the hundreds digit of 2 - (-3 - (-2 + 114))/1?
1
What is the units digit of 3/18 + 884/24?
7
Let p(b) = -b**2 + 19*b - 22. What is the units digit of p(16)?
6
Suppose d = 2*v - 73, -3*d + 2*d = -4*v + 149. What is the units digit of v?
8
Suppose -2*s = 5*v - 31, 5*v - 5*s - 13 = 32. Suppose 5*t = v + 3. What is the units digit of 6*(t + (-1)/(-1))?
8
What is the tens digit of -6*19/3*-4?
5
Let d = 2 - -1. Suppose -5*u + d*n = -3*u - 50, u - 3*n - 22 = 0. What is the units digit of u?
8
What is the tens digit of (-5 + 2)*12/(-1)?
3
Suppose 16*w - 12*w - 56 = 0. Let l be -4*(1 - 2) - 0. Suppose 3*s = i - 7 - 0, -l*i - 2*s + w = 0. What is the units digit of i?
4
Suppose -2*i - 3*w + 564 = 0, -3*w + 0*w = -4*i + 1164. What is the hundreds digit of i?
2
Suppose -641 = 12*o - 2165. What is the tens digit of o?
2
Suppose -5*z = -3 - 7. Suppose 136 = -0*c + z*c. Suppose -c = -3*i + 5*o, i - 5*o = 2 + 34. What is the units digit of i?
6
Let w(u) = u**2 - 6*u + 5. Let t be w(4). Let b(h) = 2*h**3 + h**2 - 1. Let y be b(-1). What is the units digit of t/(y + (-2)/(-4))?
2
Let q be 0*3/((-6)/(-2)). Suppose 0 = 5*j - 2*c - 25, -4*j = 2*c - q - 2. Suppose -a + j*a = 12. What is the units digit of a?
6
Suppose 0 = -10*q + 999 + 611. What is the units digit of q?
1
What is the hundreds digit of (5 - (13 + -8)) + -1 + 333?
3
Let c be (-10)/(-4)*(4 + -2). Let p = -4 + c. What is the units digit of (12/(-9))/(p/(-6))?
8
Let y(v) = v**2 - 5*v - 10. Let j be y(7). Let s be (12/j)/(3/2). Suppose -5*c = w + 4*w - 55, 62 = 4*w - s*c. What is the tens digit of w?
1
Suppose 12*j - 68 = 8*j. What is the tens digit of j?
1
Let y(r) be the third derivative of r**6/120 - 7*r**5/60 + 2*r**4/3 - 7*r**3/6 - r**2. What is the tens digit of y(6)?
5
Let c = 5 + -2. Suppose -5*k + 39 = -4*g, -k = c*g + 2*g - 31. What is the units digit of k?
1
Let n be 0/(-2) - (-1 + -1). Suppose 5*h = 2*h + 4*j + 44, n*j = 2*h - 28. Suppose 3*q = -0 + h. What is the units digit of q?
4
What is the tens digit of -4 + 2/((-10)/(-85))?
1
Suppose 7 = 3*g + 4*l, 0 = -4*g - 2*l + 2 + 14. Suppose 0 = -4*s - 0*p - 2*p + 6, 0 = -s - p + 1. Suppose -i = -s*i + g. What is the units digit of i?
5
Suppose -2*p + d + 0*d - 14 = 0, -5*p - d - 21 = 0. Let t be (p/3)/(6/(-18)). Let w = -4 + t. What is the units digit of w?
1
Let r = 53 + -7. What is the units digit of r?
6
Suppose 5*d - 9 = 3*p - 31, -7 = -3*p + 2*d. Let q be 18*p*2/(-3). What is the units digit of -1 + q*(-2)/(-3)?
7
Let k(i) = i**3 - 4*i**2 - 7*i + 7. Let x be k(5). Let p be (0 - 0)/(3/x). Suppose p = -4*g + 34 - 6. What is the units digit of g?
7
Let v(h) = -h - 3. Let d be v(-12). Let a be -4*2*2/(-16). Let n = d + a. What is the units digit of n?
0
Let d(j) = 2*j**2 - 4*j + 1. Let g = 24 + -9. Suppose 3*o = 8*o - g. What is the units digit of d(o)?
7
Suppose -3*a = c + 177, -2*c = a + a + 114. Let t = -27 - a. Let i = -23 + t. What is the units digit of i?
0
Suppose -4*j = -6*j. Suppose j = -2*b - 5 - 5, 3*h + b = 1. What is the units digit of h?
2
Suppose -6*o + 2*o + 80 = 0. Let y = o - 6. What is the tens digit of y?
1
Suppose -4*p + 10 = 3*i, 4*p - 17 = -5*i - 3. Let g be (-8)/(-1) - (-4)/i. Let u = g - 4. What is the units digit of u?
6
Suppose 3*f = 0, 0*f = 4*s - 2*f. Let d = -4 + 5. Suppose 3*c + 2*h - 8 = s, -3*c - 4*h + 3 = -d. What is the units digit of c?
4
Suppose -2*p - p - 629 = -4*o, -2*p - 156 = -o. What is the tens digit of o?
5
Let a be 0 - (1 + -1) - -2. Let m be 4 - (-3)/((-3)/2). Suppose -4*p + a - 6 = -f, -2*f + 8 = m*p. What is the units digit of f?
4
Let k be (-1)/(-4) - 271/(-4). Suppose 2*u = -2*u + k. What is the tens digit of u?
1
Let g(l) = -l + 7. Let o be g(-5). Suppose -o = 4*k, 3*y - 2*k + 3*k = -24. What is the units digit of y/(-3) + 4/6?
3
Suppose 3*l + i = 62, -2*l - l - 2*i + 67 = 0. What is the units digit of l?
9
Suppose 4*o = 56 + 224. What is the units digit of o?
0
Let w(p) = 144*p**2 - p - 1. What is the units digit of w(-1)?
4
Suppose -f + 0 - 2 = 2*w, 1 = w + f. What is the units digit of ((-1)/w)/((-1)/(-12))?
4
Let p = -48 - -80. What is the tens digit of p?
3
Suppose 5*a = 1 - 6. What is the tens digit of (5/3)/(a/(-12))?
2
Suppose -3*j - 2*l + 3*l + 297 = 0, 4*l + 297 = 3*j. What is the tens digit of (j/(-18))/((-1)/2)?
1
Let p = 16 - 23. What is the units digit of (-27)/(-1) + 14/p?
5
What is the tens digit of 4/5 - (-824)/20?
4
Let a(l) = l - 5. Suppose 3*r + 2 - 23 = p, -7 = -r - p. What is the units digit of a(r)?
2
Suppose t - 6*t + 2*k - 8 = 0, -2*t - 4*k = -16. Suppose 2